is divided by 12?
11
What is the remainder when 22683 is divided by 1736?
115
Calculate the remainder when 352094 is divided by 101.
8
Calculate the remainder when 4687560 is divided by 1688.
1672
Calculate the remainder when 370179312 is divided by 4455.
4452
Calculate the remainder when 1059810 is divided by 31169.
64
What is the remainder when 16493694 is divided by 72?
6
Calculate the remainder when 1175400 is divided by 1813.
576
What is the remainder when 1139536 is divided by 1033?
137
What is the remainder when 2063924 is divided by 145?
139
What is the remainder when 119011538 is divided by 119?
114
What is the remainder when 2515268 is divided by 61348?
0
What is the remainder when 87011 is divided by 279?
242
Calculate the remainder when 10885704 is divided by 2721391.
140
What is the remainder when 837952 is divided by 3934?
10
What is the remainder when 4844161 is divided by 593?
537
Calculate the remainder when 3205448 is divided by 1068482.
2
What is the remainder when 81506676 is divided by 7409697?
9
What is the remainder when 2174831 is divided by 115?
66
Calculate the remainder when 206882096 is divided by 810.
806
What is the remainder when 1127093 is divided by 375673?
74
Calculate the remainder when 1030008 is divided by 27.
12
What is the remainder when 2331 is divided by 545?
151
What is the remainder when 1691968 is divided by 490?
488
What is the remainder when 12863 is divided by 4364?
4135
What is the remainder when 3014525 is divided by 1305?
1280
What is the remainder when 738476 is divided by 270?
26
Calculate the remainder when 10693737 is divided by 52.
41
What is the remainder when 8004020 is divided by 2667988?
56
Calculate the remainder when 218723 is divided by 161.
85
What is the remainder when 98426355 is divided by 479?
477
Calculate the remainder when 1176479049 is divided by 97.
96
Calculate the remainder when 129632562 is divided by 2197162.
4
Calculate the remainder when 1570572 is divided by 117.
81
What is the remainder when 2436075 is divided by 608967?
207
What is the remainder when 24621261 is divided by 1553?
1552
What is the remainder when 59219189 is divided by 1768?
29
What is the remainder when 375244 is divided by 24985?
469
What is the remainder when 524171 is divided by 76?
75
What is the remainder when 723701 is divided by 4495?
6
Calculate the remainder when 9885320 is divided by 777.
326
What is the remainder when 81920548 is divided by 37?
32
Calculate the remainder when 1166739 is divided by 233342.
29
What is the remainder when 4106 is divided by 3484?
622
Calculate the remainder when 189811277 is divided by 2347.
2346
Calculate the remainder when 1196717 is divided by 5203.
27
What is the remainder when 6595817 is divided by 942232?
193
What is the remainder when 1028478 is divided by 342647?
537
What is the remainder when 1081483 is divided by 360440?
163
Calculate the remainder when 12538025 is divided by 2507603.
10
What is the remainder when 6109076 is divided by 8?
4
Calculate the remainder when 8002973 is divided by 3172.
17
What is the remainder when 31232408 is divided by 499?
497
Calculate the remainder when 431432 is divided by 263.
112
What is the remainder when 13022288 is divided by 143?
136
Calculate the remainder when 3614816 is divided by 83.
0
Calculate the remainder when 33657 is divided by 8.
1
Calculate the remainder when 14722549 is divided by 437.
19
What is the remainder when 2790360 is divided by 1395180?
0
What is the remainder when 478474 is divided by 68171?
1277
Calculate the remainder when 3981186 is divided by 769.
73
Calculate the remainder when 80480419 is divided by 292656.
19
Calculate the remainder when 3017397 is divided by 20.
17
What is the remainder when 13137160 is divided by 2224?
2216
What is the remainder when 3569502 is divided by 1941?
3
Calculate the remainder when 235837 is divided by 51.
13
Calculate the remainder when 14422 is divided by 452.
410
Calculate the remainder when 29246675 is divided by 185.
25
What is the remainder when 436551733 is divided by 714?
709
Calculate the remainder when 8674054 is divided by 40.
14
What is the remainder when 5501906 is divided by 21661?
12
What is the remainder when 1071883 is divided by 235?
48
Calculate the remainder when 947250 is divided by 3835.
5
What is the remainder when 7076 is divided by 3272?
532
What is the remainder when 131231659 is divided by 5918?
9
Calculate the remainder when 8376151 is divided by 698005.
91
What is the remainder when 1241308 is divided by 331?
58
What is the remainder when 912247 is divided by 23?
21
Calculate the remainder when 2819760 is divided by 3790.
0
What is the remainder when 31316 is divided by 332?
108
Calculate the remainder when 2633 is divided by 564.
377
Calculate the remainder when 1999058 is divided by 153772.
22
Calculate the remainder when 32394060 is divided by 140.
20
What is the remainder when 4791783 is divided by 435616?
7
What is the remainder when 270547 is divided by 439?
123
What is the remainder when 10815091 is divided by 69?
31
Calculate the remainder when 336408 is divided by 168191.
26
What is the remainder when 1548206 is divided by 1928?
22
Calculate the remainder when 426558048 is divided by 3355.
3348
What is the remainder when 4160931 is divided by 62?
49
Calculate the remainder when 1495881 is divided by 7999.
68
What is the remainder when 1484267 is divided by 371060?
27
Calculate the remainder when 15122899 is divided by 1189.
8
What is the remainder when 1835853 is divided by 44?
41
Calculate the remainder when 7703068 is divided by 27.
22
Calculate the remainder when 381970 is divided by 9094.
22
Calculate the remainder when 32029476 is divided by 2251.
2248
What is the remainder when 1600717 is divided by 80035?
17
Calculate the remainder when 74498070 is divided by 212.
210
What is the remainder when 159281 is divided by 209?
23
What is the remainder when 396767 is divided by 396626?
141
Calculate the remainder when 23798446 is divided by 1296.
1294
What is the remainder when 381281 is divided by 27?
14
What is the remainder when 677284 is divided by 1182?
1180
Calculate the remainder when 4624241 is divided by 2650.
2641
Calculate the remainder when 2765439 is divided by 1382696.
47
Calculate the remainder when 24627789 is divided by 337366.
71
What is the remainder when 30529675 is divided by 428?
7
Calculate the remainder when 8952657 is divided by 10.
7
Calculate the remainder when 7002829 is divided by 3501402.
25
What is the remainder when 6424823 is divided by 1070787?
101
What is the remainder when 6952371 is divided by 22071?
6
Calculate the remainder when 180554450 is divided by 171.
167
What is the remainder when 13115117 is divided by 6557558?
1
What is the remainder when 3525170 is divided by 503540?
390
Calculate the remainder when 5502730 is divided by 12.
10
Calculate the remainder when 38004537 is divided by 67.
60
Calculate the remainder when 515638 is divided by 38.
16
Calculate the remainder when 22074546 is divided by 136.
114
What is the remainder when 689710 is divided by 229903?
1
Calculate the remainder when 42506833 is divided by 7.
5
What is the remainder when 11007 is divided by 2580?
687
What is the remainder when 370849 is divided by 2802?
985
Calculate the remainder when 302169 is divided by 513.
12
Calculate the remainder when 1400120 is divided by 233331.
134
Calculate the remainder when 10821746 is divided by 3509.
3499
What is the remainder when 11152440 is divided by 239?
222
What is the remainder when 58967 is divided by 2078?
783
Calculate the remainder when 11605054 is divided by 644725.
4
What is the remainder when 5742024 is divided by 249653?
5
Calculate the remainder when 1018567 is divided by 34.
29
What is the remainder when 91576 is divided by 7?
2
Calculate the remainder when 3285 is divided by 454.
107
What is the remainder when 195427 is divided by 986?
199
What is the remainder when 10164 is divided by 1952?
404
What is the remainder when 116421119 is divided by 3720?
3719
Calculate the remainder when 10512170 is divided by 956.
950
What is the remainder when 64011 is divided by 1155?
486
Calculate the remainder when 229337 is divided by 489.
485
What is the r